2
Let v(s) = 19714*s - 373932. Calculate v(19).
634
Let r(i) = -1260*i - 60456. Give r(-46).
-2496
Let o(z) = 503389*z + 3020461. Determine o(-6).
127
Let a(w) = -202943*w + 1420572. Give a(7).
-29
Let l(g) = -g**3 - 240*g**2 + 1222*g - 975. Calculate l(-245).
-240
Let u(d) = 163*d**3 + 734*d**2 + 319*d - 5. Calculate u(-4).
31
Let k(j) = 2*j**3 + 76*j**2 - 150*j - 11. Give k(2).
9
Let f(d) = d**3 + 535*d**2 - 18745*d + 45. What is f(33)?
12
Let l(s) = -s**3 + 108*s**2 + 22360*s + 408. Determine l(213).
-657
Let y(o) = -o**2 - 2466*o - 770331. Calculate y(-367).
2
Let x(r) = 2*r**3 + 42*r**2 - 231*r - 769. Give x(-25).
6
Let b(k) = -3*k**3 - 48*k**2 - 223*k - 239. Calculate b(-3).
79
Let p(v) = 6*v**2 - 158*v + 983. Determine p(11).
-29
Let g(r) = -15*r**2 + 10258*r + 491984. Calculate g(-45).
-1
Let w(q) = 70*q - 4508. Give w(59).
-378
Let w(r) = -6*r**3 + 105*r**2 - 206*r. Determine w(2).
-40
Let d(s) = -s**3 - 63*s**2 + 60*s - 4586. Calculate d(-65).
-36
Let y(a) = 7*a**3 + 5*a**2 - 178*a - 783. Determine y(-4).
-439
Let a(q) = -155*q - 7836. What is a(-51)?
69
Let p(q) = -q**3 + 12*q**2 - 30*q + 9. Calculate p(5).
34
Let u(p) = -490*p + 54839. What is u(113)?
-531
Let g(b) = -20358*b - 1119705. Calculate g(-55).
-15
Let n(w) = -w**2 + 74*w - 1326. Determine n(45).
-21
Let r(a) = 6917*a - 1162056. Give r(168).
0
Let k(x) = -x**2 - 906*x - 201976. Determine k(-396).
-16
Let o(y) = -12617*y - 114317. Calculate o(-9).
-764
Let s(y) = 568*y**3 - y**2 - 99*y - 8. Determine s(0).
-8
Let g(z) = -2103*z + 17328. Determine g(11).
-5805
Let a(q) = -5*q**3 - 20*q**2 + 75*q + 182. Calculate a(-6).
92
Let c(p) = 2*p**2 + 7087*p - 864119. Calculate c(118).
-5
Let c(n) = -10*n**2 - 125*n - 144. Determine c(-4).
196
Let a(p) = -193*p - 926. Give a(-6).
232
Let l(c) = -175*c - 20740. Calculate l(-118).
-90
Let m(i) = -69*i**2 + 409*i + 55. What is m(7)?
-463
Let o(i) = -i**3 + 3*i**2 - 16*i - 739. What is o(0)?
-739
Let r(z) = -6*z**2 + 3588*z - 53609. Determine r(15).
-1139
Let k(c) = 615*c - 3234. Calculate k(5).
-159
Let s(p) = -9531*p**2 + 304992*p + 9. What is s(32)?
9
Let q(x) = -17272*x + 155448. Calculate q(9).
0
Let d(z) = -30521*z + 122183. Calculate d(4).
99
Let q(x) = -1549*x + 61824. Calculate q(40).
-136
Let z(x) = 43*x + 1060. Give z(-49).
-1047
Let w(z) = z**3 - 31*z**2 + 274*z - 9976. Give w(32).
-184
Let c(w) = -25819*w + 464751. What is c(18)?
9
Let d(t) = 2*t**3 + 4*t**2 - 29*t - 87. Give d(-10).
-1397
Let o(q) = q**2 - 504*q + 20245. Determine o(44).
5
Let b(o) = 3*o**3 - 50*o**2 - 245*o + 969. What is b(20)?
69
Let c(f) = f**3 - 4*f**2 - 78153*f - 857874. Calculate c(-11).
-6
Let l(f) = 2*f**3 + 21*f**2 - 18518*f - 130004. Determine l(-7).
-35
Let x(z) = -8*z**2 - 1481*z + 246809. Calculate x(106).
-65
Let r(f) = -60*f**3 - 4508*f**2 - 603*f - 226. Determine r(-75).
-1
Let f(z) = -5*z**3 + 224*z**2 - 351*z - 1540. Determine f(43).
8
Let z(w) = 1056292*w - 25351010. Give z(24).
-2
Let d(y) = -506*y**2 + 1562*y + 2. Determine d(3).
134
Let s(r) = r**2 - 150*r + 1159. Give s(8).
23
Let u(m) = 202*m + 21612. Give u(-107).
-2
Let i(b) = -2*b**3 - 6*b**2 + 188*b + 77. Determine i(11).
-1243
Let d(r) = -175*r + 6657. Calculate d(16).
3857
Let j(u) = 1312*u + 5565. Calculate j(-4).
317
Let m(v) = -34*v**3 + 373*v**2 + 357*v + 1. Give m(12).
-755
Let o(p) = -2*p**2 - 269*p + 17974. Give o(54).
-2384
Let a(x) = -14*x**2 - 363*x - 1557. Calculate a(-4).
-329
Let g(x) = 83*x + 1558. Give g(-20).
-102
Let v(h) = -1064*h + 7838. Calculate v(8).
-674
Let k(o) = 149*o - 11633. Calculate k(75).
-458
Let s(t) = -2*t**3 + 119*t**2 + 569*t + 425. Calculate s(64).
-23
Let k(l) = 76*l**2 + 443*l - 1744. Give k(4).
1244
Let u(d) = -820*d**2 + 1813*d + 3631. Give u(-2).
-3275
Let n(s) = 2574*s + 2937. What is n(-1)?
363
Let u(g) = -110728*g + 2989650. Determine u(27).
-6
Let g(b) = -15*b**2 - 20*b - 48. What is g(-5)?
-323
Let h(p) = 39*p**2 + 382*p + 11. Determine h(-8).
-549
Let s(d) = -39076*d - 703384. What is s(-18)?
-16
Let v(s) = -2535*s + 2505. Give v(1).
-30
Let n(q) = 51*q**2 - 1531*q - 33. Determine n(31).
1517
Let m(d) = 6*d**3 - 624*d**2 + 617*d + 8. What is m(1)?
7
Let t(c) = 17*c**3 - 2004*c**2 - 417*c + 21351. What is t(118)?
-7
Let n(z) = 59*z**2 - 495*z + 4779. Give n(9).
5103
Let o(m) = m**3 + 47*m**2 + 11*m - 17. What is o(-47)?
-534
Let j(v) = 20*v**3 + 201*v**2 + 9*v - 19. What is j(-10)?
-9
Let z(v) = -v**3 + 925*v**2 - 22511*v + 279. What is z(25)?
4
Let n(y) = 9570*y - 689026. Give n(72).
14
Let d(k) = -5*k**2 - 331*k - 4763. Calculate d(-20).
-143
Let j(k) = 44*k**3 + 993*k**2 + 540*k - 220. What is j(-22)?
0
Let t(f) = f**2 - 1120*f + 86031. Give t(83).
-40
Let h(t) = -165*t + 1226. Determine h(6).
236
Let j(h) = -73*h**2 - 6*h - 454. Determine j(3).
-1129
Let j(k) = 2*k**2 + 306*k + 2801. Determine j(-10).
-59
Let w(z) = 2*z**3 - 106*z**2 + 1046*z - 233. What is w(40)?
7
Let u(t) = 211*t + 2438. Give u(-17).
-1149
Let b(g) = 389*g + 61070. Give b(-157).
-3
Let g(p) = -p**3 - 29*p**2 - 168*p - 2. What is g(-9)?
-110
Let h(f) = -25722*f + 180124. Calculate h(7).
70
Let z(v) = 1123*v - 21815. Determine z(20).
645
Let q(d) = -2044*d - 22475. Calculate q(-11).
9
Let r(t) = t**2 + 163*t + 3140. Give r(-21).
158
Let x(q) = 8*q**2 - 839*q + 12423. Calculate x(15).
1638
Let k(d) = -235*d**2 - 1722*d + 1407. Give k(-8).
143
Let c(b) = -9245*b - 55527. What is c(-6)?
-57
Let q(d) = 438*d + 15457. Determine q(-35).
127
Let k(y) = 3073*y + 102053. What is k(-33)?
644
Let k(i) = i**3 + 183*i**2 - 548*i + 1724. What is k(-186)?
-136
Let f(s) = -s**3 + 4*s**2 + 231*s + 13. Determine f(-12).
-455
Let q(b) = -21*b**2 - 319*b - 729. Calculate q(-21).
-3291
Let q(a) = 1708*a + 23308. Determine q(-13).
1104
Let p(f) = -1281*f + 10209. Calculate p(8).
-39
Let j(y) = 2*y**3 - 30*y**2 - 69*y - 36. Calculate j(-2).
-34
Let z(k) = 21426*k - 42613. Give z(2).
239
Let p(d) = d**2 + 81*d + 836. What is p(-76)?
456
Let z(r) = -1221*r - 10911. What is z(-9)?
78
Let b(x) = 22*x**3 + 310*x**2 - 7*x - 98. Determine b(-14).
392
Let p(g) = -171*g**2 - 40698*g - 31. Calculate p(-238).
-31
Let w(n) = 6*n**2 + 1739*n - 9189. Give w(-295).
-44
Let d(b) = 181*b + 9285. Calculate d(-51).
54
Let q(p) = 28*p**2 + 96*p - 75. What is q(-12)?
2805
Let f(p) = 125*p + 5121. Give f(-44).
-379
Let b(p) = -p**3 + 982*p**2 + 12943*p + 41. Determine b(-13).
-63
Let b(v) = -115*v - 4204. Determine b(-42).
626
Let x(w) = -13*w**2 + 3620*w - 159777. Give x(55).
-2
Let g(c) = -c**2 - 14569*c - 72844. Determine g(-5).
-24
Let n(b) = 5*b**2 + 908*b + 11742. Give n(-14).
10
Let s(v) = -v**3 + 29*v**2 - 96*v + 435. Calculate s(26).
-33
Let q(m) = -188402*m + 1695629. What is q(9)?
11
Let o(a) = 9*a**2 - 696*a + 4474. Determine o(7).
43
Let a(q) = -646*q - 61250. Give a(-95).
120
Let l(w) = w**2 + 39491*w + 671058. Give l(-17).
0
Let j(h) = h**2 - 219031. Give j(468).
-7
Let i(u) = -186497*u + 932497. What is i(5)?
12
Let x(m) = 2259*m - 993966. Determine x(440).
-6
Let b(n) = -1731*n - 84843. Calculate b(-49).
-24
Let q(c) = -12119*c - 569589. Give q(-47).
4
Let j(w) = -1193*w + 548. What is j(1)?
-645
Let b(i) = i**3 - 24*i**2 - 979*i - 1981. Calculate b(-20).
-1
Let s(v) = -v**2 - 358*v - 28792. Determine s(-130).
848
Let s(p) = -87327*p - 873261. What is s(-10)?
9
Let a(p) = -p**3 + 6*p**2 + 254*p - 467. Calculate a(18).
217
Let c(i) = -i**3 - 23*i**2 + 432*i - 1298. Calculate c(4).
-2
Let o(w) = -543*w - 42300. Give o(-78).
54
Let r(b) = 3*b**2 + 145*b - 288. What is r(-10)?
-1438
Let v(p) = 735*p - 8791. Calculate v(12).
29
Let i(k) = 365*k + 10680. Determine i(-34).
-1730
Let c(x) = -x**2 - 3579*x - 7148. What is c(-2)?
6
Let u(j) = -j**3 - 74*j**2 + j + 153. Give u(0).
153
Let s(t) = t**3 - 941*t**2 + 21986*t + 124. What is s(24)?
-404
Let l(s) = -s**3 - 10*s**2 - 303*s - 1535. What is l(-6)?
139
Let j(s) = 8330*s + 7619. Determine j(0).
7619
Let m(j) = -3304*j + 90317. Calculate m(26).
4413
Let h(v) = 115*v**2 - 98*v + 78. Give h(5).
2463
Let r(y) = -y**3 + 137*y**2 - 1144*y - 101. Give r(9).
-29
Let z(f) = -f**3 + 20*f**2 + 55*f - 40. Determine z(-3).
2
Let n(y) = y**3 - 10*y**2 + 5186*y + 10415. Give n(-2).
-5
Let j(h) = -10*h**2 - 142666*h + 7. Give j(0).
7
Let h(r) = 257*r**2